{"id":2970,"date":"2023-01-19T13:37:42","date_gmt":"2023-01-19T13:37:42","guid":{"rendered":"https:\/\/francontraste.ffzg.unizg.hr\/?page_id=2970"},"modified":"2023-01-19T18:09:55","modified_gmt":"2023-01-19T18:09:55","slug":"testing-03-gsheet","status":"publish","type":"page","link":"https:\/\/francontraste.ffzg.unizg.hr\/2023\/?page_id=2970","title":{"rendered":"Testing 03 gsheet"},"content":{"rendered":"\t\t<div data-elementor-type=\"wp-page\" data-elementor-id=\"2970\" class=\"elementor elementor-2970\">\n\t\t\t\t\t\t<section class=\"elementor-section elementor-top-section elementor-element elementor-element-c39ef73 elementor-section-boxed elementor-section-height-default elementor-section-height-default\" data-id=\"c39ef73\" data-element_type=\"section\">\n\t\t\t\t\t\t<div class=\"elementor-container elementor-column-gap-default\">\n\t\t\t\t\t<div class=\"elementor-column elementor-col-100 elementor-top-column elementor-element elementor-element-3c27c9d\" data-id=\"3c27c9d\" data-element_type=\"column\">\n\t\t\t<div class=\"elementor-widget-wrap elementor-element-populated\">\n\t\t\t\t\t\t<div class=\"elementor-element elementor-element-fcbbddf premium-cf7-button-fwidth-yes elementor-widget elementor-widget-premium-contact-form\" data-id=\"fcbbddf\" data-element_type=\"widget\" data-widget_type=\"premium-contact-form.default\">\n\t\t\t\t<div class=\"elementor-widget-container\">\n\t\t\t\t\t\n\t\t\t\n\t\t\t<div class=\"premium-cf7-container\" data-settings=\"{&quot;fields_glass&quot;:&quot;none&quot;,&quot;submit_glass&quot;:&quot;none&quot;}\">\n\t\t\t\t\n<div class=\"wpcf7 no-js\" id=\"wpcf7-f2979-o1\" lang=\"en-US\" dir=\"ltr\" data-wpcf7-id=\"2979\">\n<div class=\"screen-reader-response\"><p role=\"status\" aria-live=\"polite\" aria-atomic=\"true\"><\/p> <ul><\/ul><\/div>\n<form action=\"\/2023\/index.php?rest_route=%2Fwp%2Fv2%2Fpages%2F2970#wpcf7-f2979-o1\" method=\"post\" class=\"wpcf7-form init\" aria-label=\"Contact form\" novalidate=\"novalidate\" data-status=\"init\">\n<fieldset class=\"hidden-fields-container\"><input type=\"hidden\" name=\"_wpcf7\" value=\"2979\" \/><input type=\"hidden\" name=\"_wpcf7_version\" value=\"6.1.4\" \/><input type=\"hidden\" name=\"_wpcf7_locale\" value=\"en_US\" \/><input type=\"hidden\" name=\"_wpcf7_unit_tag\" value=\"wpcf7-f2979-o1\" \/><input type=\"hidden\" name=\"_wpcf7_container_post\" value=\"0\" \/><input type=\"hidden\" name=\"_wpcf7_posted_data_hash\" value=\"\" \/>\n<\/fieldset>\n<p><label> NOM:<br \/>\n<span class=\"wpcf7-form-control-wrap\" data-name=\"nom\"><input size=\"40\" maxlength=\"400\" class=\"wpcf7-form-control wpcf7-text wpcf7-validates-as-required\" aria-required=\"true\" aria-invalid=\"false\" value=\"\" type=\"text\" name=\"nom\" \/><\/span> <\/label>\n<\/p>\n<p><label> Pr\u00e9nom:<br \/>\n<span class=\"wpcf7-form-control-wrap\" data-name=\"prenom\"><input size=\"40\" maxlength=\"400\" class=\"wpcf7-form-control wpcf7-text wpcf7-validates-as-required\" aria-required=\"true\" aria-invalid=\"false\" value=\"\" type=\"text\" name=\"prenom\" \/><\/span> <\/label>\n<\/p>\n<p><label> Titre:<br \/>\n<span class=\"wpcf7-form-control-wrap\" data-name=\"titre\"><input size=\"40\" maxlength=\"400\" class=\"wpcf7-form-control wpcf7-text\" aria-invalid=\"false\" value=\"\" type=\"text\" name=\"titre\" \/><\/span> <\/label>\n<\/p>\n<p><label> Institution (universit\u00e9, laboratoire):<br \/>\n<span class=\"wpcf7-form-control-wrap\" data-name=\"institution\"><input size=\"40\" maxlength=\"400\" class=\"wpcf7-form-control wpcf7-text\" aria-invalid=\"false\" value=\"\" type=\"text\" name=\"institution\" \/><\/span> <\/label>\n<\/p>\n<p><label> Adresse de correspondance:<br \/>\n<span class=\"wpcf7-form-control-wrap\" data-name=\"adresse\"><input size=\"40\" maxlength=\"400\" class=\"wpcf7-form-control wpcf7-text\" aria-invalid=\"false\" value=\"\" type=\"text\" name=\"adresse\" \/><\/span> <\/label>\n<\/p>\n<p><label> T\u00e9l\u00e9phone:<br \/>\n<span class=\"wpcf7-form-control-wrap\" data-name=\"telephone\"><input size=\"40\" maxlength=\"400\" class=\"wpcf7-form-control wpcf7-tel wpcf7-text wpcf7-validates-as-tel\" aria-invalid=\"false\" value=\"\" type=\"tel\" name=\"telephone\" \/><\/span> <\/label>\n<\/p>\n<p><label> Courriel:<br \/>\n<span class=\"wpcf7-form-control-wrap\" data-name=\"email\"><input size=\"40\" maxlength=\"400\" class=\"wpcf7-form-control wpcf7-email wpcf7-validates-as-required wpcf7-text wpcf7-validates-as-email\" aria-required=\"true\" aria-invalid=\"false\" value=\"\" type=\"email\" name=\"email\" \/><\/span> <\/label>\n<\/p>\n<p><label> Section:<br \/>\n<span class=\"wpcf7-form-control-wrap\" data-name=\"section\"><select class=\"wpcf7-form-control wpcf7-select\" aria-invalid=\"false\" name=\"section\"><option value=\"Sciences du langage\">Sciences du langage<\/option><option value=\"Didactique\">Didactique<\/option><option value=\"Activit\u00e9 traduisante\">Activit\u00e9 traduisante<\/option><option value=\"Litt\u00e9rature\">Litt\u00e9rature<\/option><\/select><\/span> <\/label>\n<\/p>\n<p><label> Participation:<br \/>\n<span class=\"wpcf7-form-control-wrap\" data-name=\"participation\"><select class=\"wpcf7-form-control wpcf7-select\" aria-invalid=\"false\" name=\"participation\"><option value=\"en pr\u00e9sentiel\">en pr\u00e9sentiel<\/option><option value=\"en ligne\">en ligne<\/option><\/select><\/span> <\/label>\n<\/p>\n<p><label> Titre de la communication:<br \/>\n<span class=\"wpcf7-form-control-wrap\" data-name=\"sujet\"><input size=\"40\" maxlength=\"400\" class=\"wpcf7-form-control wpcf7-text wpcf7-validates-as-required\" aria-required=\"true\" aria-invalid=\"false\" value=\"\" type=\"text\" name=\"sujet\" \/><\/span> <\/label>\n<\/p>\n<p><label> R\u00e9sum\u00e9 (200-250 mots):<br \/>\n<span class=\"wpcf7-form-control-wrap\" data-name=\"resume\"><textarea cols=\"40\" rows=\"10\" maxlength=\"2000\" class=\"wpcf7-form-control wpcf7-textarea\" aria-invalid=\"false\" name=\"resume\"><\/textarea><\/span> <\/label>\n<\/p>\n<p><label> Mots-cl\u00e9s (3-5 mots):<br \/>\n<span class=\"wpcf7-form-control-wrap\" data-name=\"mots-cles\"><input size=\"40\" maxlength=\"400\" class=\"wpcf7-form-control wpcf7-text\" aria-invalid=\"false\" value=\"\" type=\"text\" name=\"mots-cles\" \/><\/span> <\/label>\n<\/p>\n<p><input class=\"wpcf7-form-control wpcf7-submit has-spinner\" type=\"submit\" value=\"Envoyer\" \/>\n<\/p><div class=\"wpcf7-response-output\" aria-hidden=\"true\"><\/div>\n<\/form>\n<\/div>\n\t\t\t<\/div>\n\n\t\t\t\t\t\t\t<\/div>\n\t\t\t\t<\/div>\n\t\t\t\t\t<\/div>\n\t\t<\/div>\n\t\t\t\t\t<\/div>\n\t\t<\/section>\n\t\t\t\t<\/div>\n\t\t","protected":false},"excerpt":{"rendered":"<p>NOM: Pr\u00e9nom: Titre: Institution (universit\u00e9, laboratoire): Adresse de correspondance: T\u00e9l\u00e9phone: Courriel: Section: Sciences du langageDidactiqueActivit\u00e9 traduisanteLitt\u00e9rature Participation: en pr\u00e9sentielen ligne Titre de la communication: R\u00e9sum\u00e9 (200-250 mots): Mots-cl\u00e9s (3-5 mots):<\/p>\n","protected":false},"author":1,"featured_media":0,"parent":0,"menu_order":0,"comment_status":"closed","ping_status":"closed","template":"elementor_canvas","meta":{"footnotes":""},"folder":[],"class_list":["post-2970","page","type-page","status-publish","hentry"],"blocksy_meta":{"styles_descriptor":{"styles":{"desktop":"","tablet":"","mobile":""},"google_fonts":[],"version":6}},"yoast_head":"<!-- This site is optimized with the Yoast SEO plugin v26.6 - https:\/\/yoast.com\/wordpress\/plugins\/seo\/ -->\n<title>Testing 03 gsheet - Francontraste 2023<\/title>\n<meta name=\"robots\" content=\"index, follow, max-snippet:-1, max-image-preview:large, max-video-preview:-1\" \/>\n<link rel=\"canonical\" href=\"https:\/\/francontraste.ffzg.unizg.hr\/2023\/?page_id=2970\" \/>\n<meta property=\"og:locale\" content=\"en_US\" \/>\n<meta property=\"og:type\" content=\"article\" \/>\n<meta property=\"og:title\" content=\"Testing 03 gsheet - Francontraste 2023\" \/>\n<meta property=\"og:description\" content=\"NOM: Pr\u00e9nom: Titre: Institution (universit\u00e9, laboratoire): Adresse de correspondance: T\u00e9l\u00e9phone: Courriel: Section: Sciences du langageDidactiqueActivit\u00e9 traduisanteLitt\u00e9rature Participation: en pr\u00e9sentielen ligne Titre de la communication: R\u00e9sum\u00e9 (200-250 mots): Mots-cl\u00e9s (3-5 mots):\" \/>\n<meta property=\"og:url\" content=\"https:\/\/francontraste.ffzg.unizg.hr\/2023\/?page_id=2970\" \/>\n<meta property=\"og:site_name\" content=\"Francontraste 2023\" \/>\n<meta property=\"article:modified_time\" content=\"2023-01-19T18:09:55+00:00\" \/>\n<meta name=\"twitter:card\" content=\"summary_large_image\" \/>\n<meta name=\"twitter:label1\" content=\"Est. reading time\" \/>\n\t<meta name=\"twitter:data1\" content=\"1 minute\" \/>\n<script type=\"application\/ld+json\" class=\"yoast-schema-graph\">{\"@context\":\"https:\/\/schema.org\",\"@graph\":[{\"@type\":\"WebPage\",\"@id\":\"https:\/\/francontraste.ffzg.unizg.hr\/2023\/?page_id=2970\",\"url\":\"https:\/\/francontraste.ffzg.unizg.hr\/2023\/?page_id=2970\",\"name\":\"Testing 03 gsheet - Francontraste 2023\",\"isPartOf\":{\"@id\":\"https:\/\/francontraste.ffzg.unizg.hr\/2023\/#website\"},\"datePublished\":\"2023-01-19T13:37:42+00:00\",\"dateModified\":\"2023-01-19T18:09:55+00:00\",\"breadcrumb\":{\"@id\":\"https:\/\/francontraste.ffzg.unizg.hr\/2023\/?page_id=2970#breadcrumb\"},\"inLanguage\":\"en-US\",\"potentialAction\":[{\"@type\":\"ReadAction\",\"target\":[\"https:\/\/francontraste.ffzg.unizg.hr\/2023\/?page_id=2970\"]}]},{\"@type\":\"BreadcrumbList\",\"@id\":\"https:\/\/francontraste.ffzg.unizg.hr\/2023\/?page_id=2970#breadcrumb\",\"itemListElement\":[{\"@type\":\"ListItem\",\"position\":1,\"name\":\"Home\",\"item\":\"https:\/\/francontraste.ffzg.unizg.hr\/2023\/\"},{\"@type\":\"ListItem\",\"position\":2,\"name\":\"Testing 03 gsheet\"}]},{\"@type\":\"WebSite\",\"@id\":\"https:\/\/francontraste.ffzg.unizg.hr\/2023\/#website\",\"url\":\"https:\/\/francontraste.ffzg.unizg.hr\/2023\/\",\"name\":\"Francontraste 2023\",\"description\":\"\",\"publisher\":{\"@id\":\"https:\/\/francontraste.ffzg.unizg.hr\/2023\/#organization\"},\"potentialAction\":[{\"@type\":\"SearchAction\",\"target\":{\"@type\":\"EntryPoint\",\"urlTemplate\":\"https:\/\/francontraste.ffzg.unizg.hr\/2023\/?s={search_term_string}\"},\"query-input\":{\"@type\":\"PropertyValueSpecification\",\"valueRequired\":true,\"valueName\":\"search_term_string\"}}],\"inLanguage\":\"en-US\"},{\"@type\":\"Organization\",\"@id\":\"https:\/\/francontraste.ffzg.unizg.hr\/2023\/#organization\",\"name\":\"Francontraste 2023\",\"url\":\"https:\/\/francontraste.ffzg.unizg.hr\/2023\/\",\"logo\":{\"@type\":\"ImageObject\",\"inLanguage\":\"en-US\",\"@id\":\"https:\/\/francontraste.ffzg.unizg.hr\/2023\/#\/schema\/logo\/image\/\",\"url\":\"https:\/\/francontraste.ffzg.unizg.hr\/2023\/wp-content\/uploads\/2022\/10\/Francontraste-2023-menu-logo.png\",\"contentUrl\":\"https:\/\/francontraste.ffzg.unizg.hr\/2023\/wp-content\/uploads\/2022\/10\/Francontraste-2023-menu-logo.png\",\"width\":408,\"height\":72,\"caption\":\"Francontraste 2023\"},\"image\":{\"@id\":\"https:\/\/francontraste.ffzg.unizg.hr\/2023\/#\/schema\/logo\/image\/\"}}]}<\/script>\n<!-- \/ Yoast SEO plugin. -->","yoast_head_json":{"title":"Testing 03 gsheet - Francontraste 2023","robots":{"index":"index","follow":"follow","max-snippet":"max-snippet:-1","max-image-preview":"max-image-preview:large","max-video-preview":"max-video-preview:-1"},"canonical":"https:\/\/francontraste.ffzg.unizg.hr\/2023\/?page_id=2970","og_locale":"en_US","og_type":"article","og_title":"Testing 03 gsheet - Francontraste 2023","og_description":"NOM: Pr\u00e9nom: Titre: Institution (universit\u00e9, laboratoire): Adresse de correspondance: T\u00e9l\u00e9phone: Courriel: Section: Sciences du langageDidactiqueActivit\u00e9 traduisanteLitt\u00e9rature Participation: en pr\u00e9sentielen ligne Titre de la communication: R\u00e9sum\u00e9 (200-250 mots): Mots-cl\u00e9s (3-5 mots):","og_url":"https:\/\/francontraste.ffzg.unizg.hr\/2023\/?page_id=2970","og_site_name":"Francontraste 2023","article_modified_time":"2023-01-19T18:09:55+00:00","twitter_card":"summary_large_image","twitter_misc":{"Est. reading time":"1 minute"},"schema":{"@context":"https:\/\/schema.org","@graph":[{"@type":"WebPage","@id":"https:\/\/francontraste.ffzg.unizg.hr\/2023\/?page_id=2970","url":"https:\/\/francontraste.ffzg.unizg.hr\/2023\/?page_id=2970","name":"Testing 03 gsheet - Francontraste 2023","isPartOf":{"@id":"https:\/\/francontraste.ffzg.unizg.hr\/2023\/#website"},"datePublished":"2023-01-19T13:37:42+00:00","dateModified":"2023-01-19T18:09:55+00:00","breadcrumb":{"@id":"https:\/\/francontraste.ffzg.unizg.hr\/2023\/?page_id=2970#breadcrumb"},"inLanguage":"en-US","potentialAction":[{"@type":"ReadAction","target":["https:\/\/francontraste.ffzg.unizg.hr\/2023\/?page_id=2970"]}]},{"@type":"BreadcrumbList","@id":"https:\/\/francontraste.ffzg.unizg.hr\/2023\/?page_id=2970#breadcrumb","itemListElement":[{"@type":"ListItem","position":1,"name":"Home","item":"https:\/\/francontraste.ffzg.unizg.hr\/2023\/"},{"@type":"ListItem","position":2,"name":"Testing 03 gsheet"}]},{"@type":"WebSite","@id":"https:\/\/francontraste.ffzg.unizg.hr\/2023\/#website","url":"https:\/\/francontraste.ffzg.unizg.hr\/2023\/","name":"Francontraste 2023","description":"","publisher":{"@id":"https:\/\/francontraste.ffzg.unizg.hr\/2023\/#organization"},"potentialAction":[{"@type":"SearchAction","target":{"@type":"EntryPoint","urlTemplate":"https:\/\/francontraste.ffzg.unizg.hr\/2023\/?s={search_term_string}"},"query-input":{"@type":"PropertyValueSpecification","valueRequired":true,"valueName":"search_term_string"}}],"inLanguage":"en-US"},{"@type":"Organization","@id":"https:\/\/francontraste.ffzg.unizg.hr\/2023\/#organization","name":"Francontraste 2023","url":"https:\/\/francontraste.ffzg.unizg.hr\/2023\/","logo":{"@type":"ImageObject","inLanguage":"en-US","@id":"https:\/\/francontraste.ffzg.unizg.hr\/2023\/#\/schema\/logo\/image\/","url":"https:\/\/francontraste.ffzg.unizg.hr\/2023\/wp-content\/uploads\/2022\/10\/Francontraste-2023-menu-logo.png","contentUrl":"https:\/\/francontraste.ffzg.unizg.hr\/2023\/wp-content\/uploads\/2022\/10\/Francontraste-2023-menu-logo.png","width":408,"height":72,"caption":"Francontraste 2023"},"image":{"@id":"https:\/\/francontraste.ffzg.unizg.hr\/2023\/#\/schema\/logo\/image\/"}}]}},"_links":{"self":[{"href":"https:\/\/francontraste.ffzg.unizg.hr\/2023\/index.php?rest_route=\/wp\/v2\/pages\/2970","targetHints":{"allow":["GET"]}}],"collection":[{"href":"https:\/\/francontraste.ffzg.unizg.hr\/2023\/index.php?rest_route=\/wp\/v2\/pages"}],"about":[{"href":"https:\/\/francontraste.ffzg.unizg.hr\/2023\/index.php?rest_route=\/wp\/v2\/types\/page"}],"author":[{"embeddable":true,"href":"https:\/\/francontraste.ffzg.unizg.hr\/2023\/index.php?rest_route=\/wp\/v2\/users\/1"}],"replies":[{"embeddable":true,"href":"https:\/\/francontraste.ffzg.unizg.hr\/2023\/index.php?rest_route=%2Fwp%2Fv2%2Fcomments&post=2970"}],"version-history":[{"count":16,"href":"https:\/\/francontraste.ffzg.unizg.hr\/2023\/index.php?rest_route=\/wp\/v2\/pages\/2970\/revisions"}],"predecessor-version":[{"id":2988,"href":"https:\/\/francontraste.ffzg.unizg.hr\/2023\/index.php?rest_route=\/wp\/v2\/pages\/2970\/revisions\/2988"}],"wp:attachment":[{"href":"https:\/\/francontraste.ffzg.unizg.hr\/2023\/index.php?rest_route=%2Fwp%2Fv2%2Fmedia&parent=2970"}],"wp:term":[{"taxonomy":"folder","embeddable":true,"href":"https:\/\/francontraste.ffzg.unizg.hr\/2023\/index.php?rest_route=%2Fwp%2Fv2%2Ffolder&post=2970"}],"curies":[{"name":"wp","href":"https:\/\/api.w.org\/{rel}","templated":true}]}}