{"id":1061,"date":"2016-04-19T22:02:36","date_gmt":"2016-04-19T22:02:36","guid":{"rendered":"https:\/\/francontraste.ffzg.unizg.hr\/2016\/?page_id=1061"},"modified":"2016-04-19T22:11:42","modified_gmt":"2016-04-19T22:11:42","slug":"remerciements","status":"publish","type":"page","link":"https:\/\/francontraste.ffzg.unizg.hr\/2016\/?page_id=1061","title":{"rendered":"Remerciements"},"content":{"rendered":"<p>&nbsp;<\/p>\n<p><span style=\"font-family: Times New Roman,Times; font-size: 19px;\">Chers Coll\u00e8gues et Amis,<\/span><\/p>\n<p><span style=\"font-family: Times New Roman,Times; font-size: 19px;\">Nous vous remercions tous pour votre participation au 3\u00e8me Colloque international francophone FRANCONTRASTE Zagreb 8-10 avril 2016.<\/span><\/p>\n<p><span style=\"font-family: Times New Roman,Times; font-size: 19px;\">Cela a \u00e9t\u00e9 un plaisir extr\u00eame de vous \u00e9couter, de partager vos diff\u00e9rentes analyses sur la probl\u00e9matique de la structuration du langage en discours et au-del\u00e0.<\/span><\/p>\n<p><span style=\"font-family: Times New Roman,Times; font-size: 19px;\">Merci d\u2019avoir accept\u00e9 toutes les contraintes avec sto\u00efcisme et bonne humeur !<\/span><\/p>\n<p><span style=\"font-family: Times New Roman,Times; font-size: 19px;\">Nous regrettons de ne pas avoir eu le temps d\u2019accueillir plus longuement tous les intervenants. Peut-\u00eatre m\u00eame n\u2019en avons-nous pas salu\u00e9 certains, avant leur d\u00e9part ? Si tel est le cas, nous vous prions de nous en excuser.<\/span><\/p>\n<p><span style=\"font-family: Times New Roman,Times; font-size: 19px;\">Pour ne pas en \u00eatre \u00e0 notre coup d\u2019essai en l\u2019organisation de colloques, nous consid\u00e9rons que c\u2019est sans doute un fructueux colloque interdisciplinaire que nous ayons eu l\u2019heur d\u2019organiser.<\/span><\/p>\n<p><span style=\"font-family: Times New Roman,Times; font-size: 19px;\">Nous vous savons infiniment gr\u00e9 de votre gentillesse, de votre disponibilit\u00e9, de l\u2019effort consenti pour venir jusqu\u2019\u00e0 Zagreb, surtout pour ceux qui sont venus de loin.<\/span><\/p>\n<p><span style=\"font-family: Times New Roman,Times; font-size: 19px;\">A tous, merci pour ce colloque de tr\u00e8s grande qualit\u00e9. Nous esp\u00e9rons vous revoir \u00e0 de multiples occasions, dans ces colloques o\u00f9 peuvent \u00e9changer les diverses disciplines de sciences humaines. Aussi esp\u00e9rons-nous rester en contact.<\/span><\/p>\n<p><span style=\"font-family: Times New Roman,Times; font-size: 19px;\">Merci encore \u00e0 tous les contributeurs et participants !<\/span><\/p>\n<p><span style=\"font-family: Times New Roman,Times; font-size: 19px;\">Ci-joint vous trouverez des consignes de r\u00e9daction de vos articles que nous vous invitons \u00e0 nous faire parvenir par voie \u00e9lectronique \u00e0 l\u2019adresse\u00a0<a class=\"linkstr\" href=\"mailto:francontraste@ffzg.hr\">francontraste@ffzg.hr<\/a> .<\/span><\/p>\n<p><span style=\"font-family: Times New Roman,Times; font-size: 19px;\">A bient\u00f4t donc la\u00a0lecture des Actes\u00a0!<\/span><\/p>\n<p><span style=\"font-family: Times New Roman,Times; font-size: 19px;\">Bogdanka PAVELIN LE\u0160I\u0106<\/span><br \/>\n<span style=\"font-family: Times New Roman,Times; font-size: 19px;\"> pour le Comit\u00e9 d\u2019organisation du 3\u00e8me\u00a0Colloque international francophone FRANCONTRASTE Zagreb 2016.<\/span><\/p>\n<p><span style=\"font-family: Times New Roman,Times; font-size: 19px;\">PS\u00a0: N\u2019oubliez de fr\u00e9quenter r\u00e9guli\u00e8rement le site du Colloque <a class=\"linkstr\" href=\"http:\/\/www.ffzg.unizg.hr\/francontraste\">www.ffzg.unizg.hr\/francontraste<\/a> . Nous y avons mis les photos du Colloque\u00a0; ainsi que des informations sur la parution des Actes\u00a0et les projets futurs\u2026<\/span><\/p>\n<p>&nbsp;<\/p>\n","protected":false},"excerpt":{"rendered":"<p>&nbsp; Chers Coll\u00e8gues et Amis, Nous vous remercions tous pour votre participation au 3\u00e8me Colloque international francophone FRANCONTRASTE Zagreb 8-10 avril 2016. Cela a \u00e9t\u00e9 un plaisir extr\u00eame de vous \u00e9couter, de partager vos diff\u00e9rentes analyses sur la probl\u00e9matique de la structuration du langage en discours et au-del\u00e0. Merci d\u2019avoir accept\u00e9 toutes les contraintes avec &hellip; <a href=\"https:\/\/francontraste.ffzg.unizg.hr\/2016\/?page_id=1061\" class=\"more-link\">Continue reading <span class=\"screen-reader-text\">Remerciements<\/span> <span class=\"meta-nav\">&rarr;<\/span><\/a><\/p>\n","protected":false},"author":1,"featured_media":0,"parent":0,"menu_order":0,"comment_status":"closed","ping_status":"closed","template":"","meta":{"footnotes":""},"class_list":["post-1061","page","type-page","status-publish","hentry"],"yoast_head":"<!-- This site is optimized with the Yoast SEO plugin v26.6 - https:\/\/yoast.com\/wordpress\/plugins\/seo\/ -->\n<title>Remerciements - Francontraste 2016<\/title>\n<meta name=\"robots\" content=\"index, follow, max-snippet:-1, max-image-preview:large, max-video-preview:-1\" \/>\n<link rel=\"canonical\" href=\"https:\/\/francontraste.ffzg.unizg.hr\/2016\/?page_id=1061\" \/>\n<meta property=\"og:locale\" content=\"en_US\" \/>\n<meta property=\"og:type\" content=\"article\" \/>\n<meta property=\"og:title\" content=\"Remerciements - Francontraste 2016\" \/>\n<meta property=\"og:description\" content=\"&nbsp; Chers Coll\u00e8gues et Amis, Nous vous remercions tous pour votre participation au 3\u00e8me Colloque international francophone FRANCONTRASTE Zagreb 8-10 avril 2016. Cela a \u00e9t\u00e9 un plaisir extr\u00eame de vous \u00e9couter, de partager vos diff\u00e9rentes analyses sur la probl\u00e9matique de la structuration du langage en discours et au-del\u00e0. Merci d\u2019avoir accept\u00e9 toutes les contraintes avec &hellip; Continue reading Remerciements &rarr;\" \/>\n<meta property=\"og:url\" content=\"https:\/\/francontraste.ffzg.unizg.hr\/2016\/?page_id=1061\" \/>\n<meta property=\"og:site_name\" content=\"Francontraste 2016\" \/>\n<meta property=\"article:modified_time\" content=\"2016-04-19T22:11:42+00:00\" \/>\n<meta name=\"twitter:card\" content=\"summary_large_image\" \/>\n<meta name=\"twitter:label1\" content=\"Est. reading time\" \/>\n\t<meta name=\"twitter:data1\" content=\"2 minutes\" \/>\n<script type=\"application\/ld+json\" class=\"yoast-schema-graph\">{\"@context\":\"https:\/\/schema.org\",\"@graph\":[{\"@type\":\"WebPage\",\"@id\":\"https:\/\/francontraste.ffzg.unizg.hr\/2016\/?page_id=1061\",\"url\":\"https:\/\/francontraste.ffzg.unizg.hr\/2016\/?page_id=1061\",\"name\":\"Remerciements - Francontraste 2016\",\"isPartOf\":{\"@id\":\"https:\/\/francontraste.ffzg.unizg.hr\/2016\/#website\"},\"datePublished\":\"2016-04-19T22:02:36+00:00\",\"dateModified\":\"2016-04-19T22:11:42+00:00\",\"breadcrumb\":{\"@id\":\"https:\/\/francontraste.ffzg.unizg.hr\/2016\/?page_id=1061#breadcrumb\"},\"inLanguage\":\"en-US\",\"potentialAction\":[{\"@type\":\"ReadAction\",\"target\":[\"https:\/\/francontraste.ffzg.unizg.hr\/2016\/?page_id=1061\"]}]},{\"@type\":\"BreadcrumbList\",\"@id\":\"https:\/\/francontraste.ffzg.unizg.hr\/2016\/?page_id=1061#breadcrumb\",\"itemListElement\":[{\"@type\":\"ListItem\",\"position\":1,\"name\":\"Home\",\"item\":\"https:\/\/francontraste.ffzg.unizg.hr\/2016\/\"},{\"@type\":\"ListItem\",\"position\":2,\"name\":\"Remerciements\"}]},{\"@type\":\"WebSite\",\"@id\":\"https:\/\/francontraste.ffzg.unizg.hr\/2016\/#website\",\"url\":\"https:\/\/francontraste.ffzg.unizg.hr\/2016\/\",\"name\":\"Francontraste 2016\",\"description\":\"\",\"potentialAction\":[{\"@type\":\"SearchAction\",\"target\":{\"@type\":\"EntryPoint\",\"urlTemplate\":\"https:\/\/francontraste.ffzg.unizg.hr\/2016\/?s={search_term_string}\"},\"query-input\":{\"@type\":\"PropertyValueSpecification\",\"valueRequired\":true,\"valueName\":\"search_term_string\"}}],\"inLanguage\":\"en-US\"}]}<\/script>\n<!-- \/ Yoast SEO plugin. -->","yoast_head_json":{"title":"Remerciements - Francontraste 2016","robots":{"index":"index","follow":"follow","max-snippet":"max-snippet:-1","max-image-preview":"max-image-preview:large","max-video-preview":"max-video-preview:-1"},"canonical":"https:\/\/francontraste.ffzg.unizg.hr\/2016\/?page_id=1061","og_locale":"en_US","og_type":"article","og_title":"Remerciements - Francontraste 2016","og_description":"&nbsp; Chers Coll\u00e8gues et Amis, Nous vous remercions tous pour votre participation au 3\u00e8me Colloque international francophone FRANCONTRASTE Zagreb 8-10 avril 2016. Cela a \u00e9t\u00e9 un plaisir extr\u00eame de vous \u00e9couter, de partager vos diff\u00e9rentes analyses sur la probl\u00e9matique de la structuration du langage en discours et au-del\u00e0. Merci d\u2019avoir accept\u00e9 toutes les contraintes avec &hellip; Continue reading Remerciements &rarr;","og_url":"https:\/\/francontraste.ffzg.unizg.hr\/2016\/?page_id=1061","og_site_name":"Francontraste 2016","article_modified_time":"2016-04-19T22:11:42+00:00","twitter_card":"summary_large_image","twitter_misc":{"Est. reading time":"2 minutes"},"schema":{"@context":"https:\/\/schema.org","@graph":[{"@type":"WebPage","@id":"https:\/\/francontraste.ffzg.unizg.hr\/2016\/?page_id=1061","url":"https:\/\/francontraste.ffzg.unizg.hr\/2016\/?page_id=1061","name":"Remerciements - Francontraste 2016","isPartOf":{"@id":"https:\/\/francontraste.ffzg.unizg.hr\/2016\/#website"},"datePublished":"2016-04-19T22:02:36+00:00","dateModified":"2016-04-19T22:11:42+00:00","breadcrumb":{"@id":"https:\/\/francontraste.ffzg.unizg.hr\/2016\/?page_id=1061#breadcrumb"},"inLanguage":"en-US","potentialAction":[{"@type":"ReadAction","target":["https:\/\/francontraste.ffzg.unizg.hr\/2016\/?page_id=1061"]}]},{"@type":"BreadcrumbList","@id":"https:\/\/francontraste.ffzg.unizg.hr\/2016\/?page_id=1061#breadcrumb","itemListElement":[{"@type":"ListItem","position":1,"name":"Home","item":"https:\/\/francontraste.ffzg.unizg.hr\/2016\/"},{"@type":"ListItem","position":2,"name":"Remerciements"}]},{"@type":"WebSite","@id":"https:\/\/francontraste.ffzg.unizg.hr\/2016\/#website","url":"https:\/\/francontraste.ffzg.unizg.hr\/2016\/","name":"Francontraste 2016","description":"","potentialAction":[{"@type":"SearchAction","target":{"@type":"EntryPoint","urlTemplate":"https:\/\/francontraste.ffzg.unizg.hr\/2016\/?s={search_term_string}"},"query-input":{"@type":"PropertyValueSpecification","valueRequired":true,"valueName":"search_term_string"}}],"inLanguage":"en-US"}]}},"_links":{"self":[{"href":"https:\/\/francontraste.ffzg.unizg.hr\/2016\/index.php?rest_route=\/wp\/v2\/pages\/1061","targetHints":{"allow":["GET"]}}],"collection":[{"href":"https:\/\/francontraste.ffzg.unizg.hr\/2016\/index.php?rest_route=\/wp\/v2\/pages"}],"about":[{"href":"https:\/\/francontraste.ffzg.unizg.hr\/2016\/index.php?rest_route=\/wp\/v2\/types\/page"}],"author":[{"embeddable":true,"href":"https:\/\/francontraste.ffzg.unizg.hr\/2016\/index.php?rest_route=\/wp\/v2\/users\/1"}],"replies":[{"embeddable":true,"href":"https:\/\/francontraste.ffzg.unizg.hr\/2016\/index.php?rest_route=%2Fwp%2Fv2%2Fcomments&post=1061"}],"version-history":[{"count":8,"href":"https:\/\/francontraste.ffzg.unizg.hr\/2016\/index.php?rest_route=\/wp\/v2\/pages\/1061\/revisions"}],"predecessor-version":[{"id":1070,"href":"https:\/\/francontraste.ffzg.unizg.hr\/2016\/index.php?rest_route=\/wp\/v2\/pages\/1061\/revisions\/1070"}],"wp:attachment":[{"href":"https:\/\/francontraste.ffzg.unizg.hr\/2016\/index.php?rest_route=%2Fwp%2Fv2%2Fmedia&parent=1061"}],"curies":[{"name":"wp","href":"https:\/\/api.w.org\/{rel}","templated":true}]}}