{"id":21,"date":"2012-10-25T02:26:44","date_gmt":"2012-10-25T02:26:44","guid":{"rendered":"http:\/\/francontraste.wordpress.com\/?page_id=21"},"modified":"2022-09-19T10:36:40","modified_gmt":"2022-09-19T10:36:40","slug":"depliant","status":"publish","type":"page","link":"https:\/\/francontraste.ffzg.unizg.hr\/2013\/?page_id=21","title":{"rendered":"D\u00e9pliant"},"content":{"rendered":"<p><a href=\"https:\/\/francontraste.ffzg.unizg.hr\/2013\/wp-content\/uploads\/2013\/03\/Depliant.pdf\" rel=\"noopener\"><strong>D\u00e9pliant<\/strong><\/a> ( 659 KB )&nbsp; <img decoding=\"async\" loading=\"lazy\" class=\"alignnone wp-image-517\" style=\"margin-top: -20px; margin-bottom: -20px;\" title=\"pdficn\" src=\"https:\/\/francontraste.ffzg.unizg.hr\/2013\/wp-content\/uploads\/2013\/02\/pdficn.jpg\" alt=\"\" width=\"44\" height=\"46\"><\/p>\n<p>&nbsp;<br \/>\n&nbsp;<br \/>\n<strong>Imprimez vous m\u00eame votre d\u00e9pliant.<\/strong><br \/>\n&nbsp;<br \/>\n<a href=\"https:\/\/francontraste.ffzg.unizg.hr\/2013\/wp-content\/uploads\/2013\/03\/Depliant2.pdf\" rel=\"noopener\"><strong>D\u00e9pliant<\/strong><\/a> ( 722 KB ) <img decoding=\"async\" loading=\"lazy\" class=\"alignnone\" style=\"margin-top: -20px; margin-bottom: -20px;\" title=\"pdficn\" src=\"https:\/\/francontraste.ffzg.unizg.hr\/2013\/wp-content\/uploads\/2013\/02\/pdficn.jpg\" alt=\"\" width=\"44\" height=\"46\"><br \/>\n&nbsp;<br \/>\n<img decoding=\"async\" loading=\"lazy\" class=\"alignnone size-full wp-image-525\" title=\"depliant-composition-002\" src=\"https:\/\/francontraste.ffzg.unizg.hr\/2013\/wp-content\/uploads\/2013\/03\/depliant-composition-003.jpg\" alt=\"\" width=\"500\" height=\"726\"><\/p>\n","protected":false},"excerpt":{"rendered":"<p>D\u00e9pliant ( 659 KB )&nbsp; &nbsp; &nbsp; Imprimez vous m\u00eame votre d\u00e9pliant. &nbsp; D\u00e9pliant ( 722 KB ) &nbsp;<\/p>\n","protected":false},"author":1,"featured_media":0,"parent":0,"menu_order":0,"comment_status":"closed","ping_status":"closed","template":"","meta":{"footnotes":""},"_links":{"self":[{"href":"https:\/\/francontraste.ffzg.unizg.hr\/2013\/index.php?rest_route=\/wp\/v2\/pages\/21"}],"collection":[{"href":"https:\/\/francontraste.ffzg.unizg.hr\/2013\/index.php?rest_route=\/wp\/v2\/pages"}],"about":[{"href":"https:\/\/francontraste.ffzg.unizg.hr\/2013\/index.php?rest_route=\/wp\/v2\/types\/page"}],"author":[{"embeddable":true,"href":"https:\/\/francontraste.ffzg.unizg.hr\/2013\/index.php?rest_route=\/wp\/v2\/users\/1"}],"replies":[{"embeddable":true,"href":"https:\/\/francontraste.ffzg.unizg.hr\/2013\/index.php?rest_route=%2Fwp%2Fv2%2Fcomments&post=21"}],"version-history":[{"count":24,"href":"https:\/\/francontraste.ffzg.unizg.hr\/2013\/index.php?rest_route=\/wp\/v2\/pages\/21\/revisions"}],"predecessor-version":[{"id":1552,"href":"https:\/\/francontraste.ffzg.unizg.hr\/2013\/index.php?rest_route=\/wp\/v2\/pages\/21\/revisions\/1552"}],"wp:attachment":[{"href":"https:\/\/francontraste.ffzg.unizg.hr\/2013\/index.php?rest_route=%2Fwp%2Fv2%2Fmedia&parent=21"}],"curies":[{"name":"wp","href":"https:\/\/api.w.org\/{rel}","templated":true}]}}